Dec 01 11:58:25.048 INFO testing kpcyrd/cargo-debstatus against master#8940af3cea4a9a9deabcaf843b2f8cad9a83fc61 for beta-1.31-5
Dec 01 11:58:25.049 INFO running `"docker" "create" "-v" "/mnt/big/crater/work/local/target-dirs/beta-1.31-5/worker-0/master#8940af3cea4a9a9deabcaf843b2f8cad9a83fc61:/target:rw,Z" "-v" "/mnt/big/crater/work/local/test-source/worker-0/beta-1.31-5/master#8940af3cea4a9a9deabcaf843b2f8cad9a83fc61:/source:ro,Z" "-v" "/mnt/big/crater/work/local/cargo-home:/cargo-home:ro,Z" "-v" "/mnt/big/crater/work/local/rustup-home:/rustup-home:ro,Z" "-e" "USER_ID=1000" "-e" "SOURCE_DIR=/source" "-e" "USER_ID=1000" "-e" "CMD=cargo +8940af3cea4a9a9deabcaf843b2f8cad9a83fc61-alt build --frozen" "-e" "CARGO_TARGET_DIR=/target" "-e" "CARGO_INCREMENTAL=0" "-e" "RUST_BACKTRACE=full" "-e" "RUSTFLAGS=--cap-lints=warn" "-e" "CARGO_HOME=/cargo-home" "-e" "RUSTUP_HOME=/rustup-home" "-m" "1536M" "--network" "none" "crater"`
Dec 01 11:58:25.609 INFO [stdout] 0bc13cf516b806f709bafb7fa7ba2649b6be978c88434115acd6dce5a8614681
Dec 01 11:58:25.611 INFO running `"docker" "start" "-a" "0bc13cf516b806f709bafb7fa7ba2649b6be978c88434115acd6dce5a8614681"`
Dec 01 11:58:27.138 INFO [stderr] usermod: no changes
Dec 01 11:58:27.583 INFO [stderr]    Compiling home v0.3.3
Dec 01 11:58:27.588 INFO [stderr]    Compiling shell-escape v0.1.4
Dec 01 11:58:27.595 INFO [stderr]    Compiling cmake v0.1.33
Dec 01 11:58:27.599 INFO [stderr]    Compiling fs2 v0.4.3
Dec 01 11:58:27.601 INFO [stderr]    Compiling base64 v0.6.0
Dec 01 11:58:27.603 INFO [stderr]    Compiling phf_shared v0.7.21
Dec 01 11:58:27.607 INFO [stderr]    Compiling petgraph v0.4.12
Dec 01 11:58:27.609 INFO [stderr]    Compiling stringprep v0.1.2
Dec 01 11:58:32.403 INFO [stderr]    Compiling jobserver v0.1.11
Dec 01 11:58:32.419 INFO [stderr]    Compiling tar v0.4.16
Dec 01 11:58:32.419 INFO [stderr]    Compiling openssl v0.10.11
Dec 01 11:58:32.419 INFO [stderr]    Compiling curl-sys v0.4.8
Dec 01 11:58:32.475 INFO [stderr]    Compiling phf v0.7.21
Dec 01 11:58:32.478 INFO [stderr]    Compiling serde_ignored v0.0.4
Dec 01 11:58:32.559 INFO [stderr]    Compiling toml v0.4.6
Dec 01 11:58:38.083 INFO [stderr]    Compiling semver v0.9.0
Dec 01 11:58:40.047 INFO [stderr]    Compiling libssh2-sys v0.2.10
Dec 01 11:58:40.255 INFO [stderr]    Compiling libgit2-sys v0.7.7
Dec 01 11:58:41.495 INFO [stderr] error[E0034]: multiple applicable items in scope
Dec 01 11:58:41.495 INFO [stderr]     --> /cargo-home/registry/src/github.com-1ecc6299db9ec823/petgraph-0.4.12/src/graph_impl/stable_graph/mod.rs:1171:19
Dec 01 11:58:41.495 INFO [stderr]      |
Dec 01 11:58:41.495 INFO [stderr] 1171 |         self.iter.find_map(|(i, node)| {
Dec 01 11:58:41.495 INFO [stderr]      |                   ^^^^^^^^ multiple `find_map` found
Dec 01 11:58:41.495 INFO [stderr]      |
Dec 01 11:58:41.495 INFO [stderr] note: candidate #1 is defined in an impl of the trait `iter_utils::IterUtilsExt` for the type `_`
Dec 01 11:58:41.495 INFO [stderr]     --> /cargo-home/registry/src/github.com-1ecc6299db9ec823/petgraph-0.4.12/src/iter_utils.rs:5:5
Dec 01 11:58:41.495 INFO [stderr]      |
Dec 01 11:58:41.495 INFO [stderr] 5    | /     fn find_map<F, R>(&mut self, mut f: F) -> Option<R>
Dec 01 11:58:41.495 INFO [stderr] 6    | |         where F: FnMut(Self::Item) -> Option<R>
Dec 01 11:58:41.495 INFO [stderr] 7    | |     {
Dec 01 11:58:41.495 INFO [stderr] 8    | |         while let Some(elt) = self.next() {
Dec 01 11:58:41.495 INFO [stderr] ...    |
Dec 01 11:58:41.495 INFO [stderr] 13   | |         None
Dec 01 11:58:41.495 INFO [stderr] 14   | |     }
Dec 01 11:58:41.495 INFO [stderr]      | |_____^
Dec 01 11:58:41.495 INFO [stderr]      = note: candidate #2 is defined in an impl of the trait `std::iter::Iterator` for the type `std::iter::Enumerate<_>`
Dec 01 11:58:41.495 INFO [stderr] 
Dec 01 11:58:41.627 INFO [stderr] error[E0034]: multiple applicable items in scope
Dec 01 11:58:41.627 INFO [stderr]     --> /cargo-home/registry/src/github.com-1ecc6299db9ec823/petgraph-0.4.12/src/graph_impl/stable_graph/mod.rs:1363:19
Dec 01 11:58:41.627 INFO [stderr]      |
Dec 01 11:58:41.627 INFO [stderr] 1363 |         self.iter.find_map(|(i, edge)|
Dec 01 11:58:41.627 INFO [stderr]      |                   ^^^^^^^^ multiple `find_map` found
Dec 01 11:58:41.627 INFO [stderr]      |
Dec 01 11:58:41.627 INFO [stderr] note: candidate #1 is defined in an impl of the trait `iter_utils::IterUtilsExt` for the type `_`
Dec 01 11:58:41.627 INFO [stderr]     --> /cargo-home/registry/src/github.com-1ecc6299db9ec823/petgraph-0.4.12/src/iter_utils.rs:5:5
Dec 01 11:58:41.627 INFO [stderr]      |
Dec 01 11:58:41.627 INFO [stderr] 5    | /     fn find_map<F, R>(&mut self, mut f: F) -> Option<R>
Dec 01 11:58:41.627 INFO [stderr] 6    | |         where F: FnMut(Self::Item) -> Option<R>
Dec 01 11:58:41.627 INFO [stderr] 7    | |     {
Dec 01 11:58:41.627 INFO [stderr] 8    | |         while let Some(elt) = self.next() {
Dec 01 11:58:41.627 INFO [stderr] ...    |
Dec 01 11:58:41.627 INFO [stderr] 13   | |         None
Dec 01 11:58:41.627 INFO [stderr] 14   | |     }
Dec 01 11:58:41.627 INFO [stderr]      | |_____^
Dec 01 11:58:41.627 INFO [stderr]      = note: candidate #2 is defined in an impl of the trait `std::iter::Iterator` for the type `std::iter::Enumerate<_>`
Dec 01 11:58:41.627 INFO [stderr] 
Dec 01 11:58:41.681 INFO [stderr] error[E0034]: multiple applicable items in scope
Dec 01 11:58:41.681 INFO [stderr]     --> /cargo-home/registry/src/github.com-1ecc6299db9ec823/petgraph-0.4.12/src/graph_impl/stable_graph/mod.rs:1527:19
Dec 01 11:58:41.681 INFO [stderr]      |
Dec 01 11:58:41.681 INFO [stderr] 1527 |         self.iter.find_map(|(i, node)| {
Dec 01 11:58:41.681 INFO [stderr]      |                   ^^^^^^^^ multiple `find_map` found
Dec 01 11:58:41.681 INFO [stderr]      |
Dec 01 11:58:41.681 INFO [stderr] note: candidate #1 is defined in an impl of the trait `iter_utils::IterUtilsExt` for the type `_`
Dec 01 11:58:41.681 INFO [stderr]     --> /cargo-home/registry/src/github.com-1ecc6299db9ec823/petgraph-0.4.12/src/iter_utils.rs:5:5
Dec 01 11:58:41.681 INFO [stderr]      |
Dec 01 11:58:41.681 INFO [stderr] 5    | /     fn find_map<F, R>(&mut self, mut f: F) -> Option<R>
Dec 01 11:58:41.681 INFO [stderr] 6    | |         where F: FnMut(Self::Item) -> Option<R>
Dec 01 11:58:41.681 INFO [stderr] 7    | |     {
Dec 01 11:58:41.681 INFO [stderr] 8    | |         while let Some(elt) = self.next() {
Dec 01 11:58:41.681 INFO [stderr] ...    |
Dec 01 11:58:41.681 INFO [stderr] 13   | |         None
Dec 01 11:58:41.681 INFO [stderr] 14   | |     }
Dec 01 11:58:41.681 INFO [stderr]      | |_____^
Dec 01 11:58:41.681 INFO [stderr]      = note: candidate #2 is defined in an impl of the trait `std::iter::Iterator` for the type `std::iter::Enumerate<_>`
Dec 01 11:58:41.681 INFO [stderr] 
Dec 01 11:58:41.731 INFO [stderr] error[E0034]: multiple applicable items in scope
Dec 01 11:58:41.731 INFO [stderr]     --> /cargo-home/registry/src/github.com-1ecc6299db9ec823/petgraph-0.4.12/src/graph_impl/stable_graph/mod.rs:1573:19
Dec 01 11:58:41.731 INFO [stderr]      |
Dec 01 11:58:41.731 INFO [stderr] 1573 |         self.iter.find_map(|(i, node)| {
Dec 01 11:58:41.731 INFO [stderr]      |                   ^^^^^^^^ multiple `find_map` found
Dec 01 11:58:41.731 INFO [stderr]      |
Dec 01 11:58:41.731 INFO [stderr] note: candidate #1 is defined in an impl of the trait `iter_utils::IterUtilsExt` for the type `_`
Dec 01 11:58:41.731 INFO [stderr]     --> /cargo-home/registry/src/github.com-1ecc6299db9ec823/petgraph-0.4.12/src/iter_utils.rs:5:5
Dec 01 11:58:41.731 INFO [stderr]      |
Dec 01 11:58:41.731 INFO [stderr] 5    | /     fn find_map<F, R>(&mut self, mut f: F) -> Option<R>
Dec 01 11:58:41.731 INFO [stderr] 6    | |         where F: FnMut(Self::Item) -> Option<R>
Dec 01 11:58:41.731 INFO [stderr] 7    | |     {
Dec 01 11:58:41.731 INFO [stderr] 8    | |         while let Some(elt) = self.next() {
Dec 01 11:58:41.731 INFO [stderr] ...    |
Dec 01 11:58:41.731 INFO [stderr] 13   | |         None
Dec 01 11:58:41.731 INFO [stderr] 14   | |     }
Dec 01 11:58:41.731 INFO [stderr]      | |_____^
Dec 01 11:58:41.731 INFO [stderr]      = note: candidate #2 is defined in an impl of the trait `std::iter::Iterator` for the type `std::iter::Enumerate<_>`
Dec 01 11:58:41.731 INFO [stderr] 
Dec 01 11:58:43.492 INFO [stderr]    Compiling structopt-derive v0.2.10
Dec 01 11:58:44.443 INFO [stderr] error: aborting due to 4 previous errors
Dec 01 11:58:44.443 INFO [stderr] 
Dec 01 11:58:44.443 INFO [stderr] For more information about this error, try `rustc --explain E0034`.
Dec 01 11:58:44.479 INFO [stderr] error: Could not compile `petgraph`.
Dec 01 11:58:44.480 INFO [stderr] warning: build failed, waiting for other jobs to finish...
Dec 01 11:59:01.143 INFO [stderr] error: build failed
Dec 01 11:59:01.146 INFO [stderr] su: No module specific data is present
Dec 01 11:59:01.769 INFO running `"docker" "inspect" "0bc13cf516b806f709bafb7fa7ba2649b6be978c88434115acd6dce5a8614681"`
Dec 01 11:59:02.057 INFO running `"docker" "rm" "-f" "0bc13cf516b806f709bafb7fa7ba2649b6be978c88434115acd6dce5a8614681"`
Dec 01 11:59:02.479 INFO [stdout] 0bc13cf516b806f709bafb7fa7ba2649b6be978c88434115acd6dce5a8614681
